Let l = 2 + -4. Let m be (24/(-28))/(l/42). Calculate the greatest common factor of m and 27.
9
Suppose -4*w + 3 = -5*a - 23, 0 = -4*a + w - 12. Let t be a/(-5) + (-8)/(-5). Calculate the highest common factor of t and 3.
1
Let g(r) = 23*r**2 - 2*r + 2. Let i be g(-2). Calculate the highest common factor of i and 14.
14
Let a = -4 - -4. Suppose a = -2*b + q + 122, 4*q = 1 - 9. What is the greatest common factor of b and 20?
20
Suppose 5*b + h = 31, -3*b - h = -9 - 8. What is the highest common divisor of b and 56?
7
Let u(s) = -s**2 - 8*s - 3. Let y be u(-5). Let j be 1*(y - (-3 + 3)). Calculate the highest common factor of 60 and j.
12
Suppose 3*i = -o - 9, 4*i + 3 = 5*o + 3*i. Let z = -76 + 112. Suppose 3*d - y = z, -3*d + o*y + 33 = -2*y. What is the highest common divisor of d and 104?
13
Let y be 0/(-2) - (840/6)/(-2). Let j be 39/4 + (-2)/(-8). Calculate the greatest common divisor of y and j.
10
Suppose 2566 = 3*g + 286. Let a(i) = -i**2 - 8*i + 13. Let u be a(-10). Let n be 2/u - g/(-14). Calculate the highest common divisor of 18 and n.
18
Let m be 3/2*(1 + 3). Let j = 4 - m. Let u(n) = -n**3 + n**2 + 2*n + 3. Let f be u(j). What is the highest common factor of 55 and f?
11
Suppose -4*g = -12 - 8. Suppose -5*b + g - 3 = p, 50 = 4*p - b. Calculate the highest common divisor of 120 and p.
12
Suppose 30 = 2*x - 4*m, 5*x - 3*m = 25 + 36. Let j = 4 + -6. Let d be (0 - (-23 - j)) + 1. What is the greatest common divisor of d and x?
11
Suppose -b + 12 = p, -3*b + 32 = p + p. What is the greatest common factor of 56 and b?
8
Suppose 3*k + 72 = 7*k. Let r be 2/(-4)*2916/(-9). Calculate the greatest common divisor of k and r.
18
Let p = 658 - 460. What is the highest common divisor of 22 and p?
22
Suppose 0 = 12*b - 337 - 1463. Calculate the greatest common factor of b and 60.
30
Let j(n) = 7*n - 5. Let f be j(4). Suppose -4*h = 5*b - 3*h - 91, -b - 5*h = -f. Calculate the greatest common divisor of 2 and b.
2
Let a(i) = 2*i**2 - 4*i + 2. Let r be a(2). Let m(n) = n + r - 5 + 0*n + 0. Let o be m(6). Calculate the highest common divisor of 6 and o.
3
Let k be (-250)/(-14) + (-9)/(-63). Let g = -4 + k. Calculate the highest common divisor of 28 and g.
14
Let w(h) = -h**2 - h + 9. Let n be w(0). Let l = n + -4. What is the highest common factor of l and 30?
5
Suppose 8 = 4*b, 2*b = -0*j + 4*j + 668. Let p = -110 - j. What is the greatest common factor of p and 8?
8
Let n = -142 - -277. What is the highest common divisor of n and 15?
15
Suppose 0 = 2*d + d + 9, 5*f + 5*d - 45 = 0. Suppose 216 = m + m. What is the greatest common factor of f and m?
12
Let f = 33 + 9. Let p be ((-12)/(-7))/((-18)/(-63)). Calculate the highest common divisor of p and f.
6
Let w = 65 - 53. What is the highest common factor of 3 and w?
3
Let y(x) = x + 14. Let k be y(-6). Let l(b) = 2*b + 34. Let r be l(-5). Calculate the greatest common divisor of r and k.
8
Let f(j) = -18*j + 14. Let z be f(-7). Calculate the highest common factor of 20 and z.
20
Let j be ((-1)/2)/((-1227)/408 - -3). What is the highest common divisor of 17 and j?
17
Suppose 100 = -2*x + 7*x. What is the highest common factor of 20 and x?
20
Let i = 112 - 206. Let r = 204 + i. Calculate the highest common factor of r and 10.
10
Let v be 2*((-45)/(-2))/3. Calculate the greatest common factor of v and 60.
15
Let m = 1 + -1. Suppose m = -5*y + y - 48. Let o be (y/(-10))/(9/120). Calculate the greatest common factor of o and 4.
4
Suppose 119 = 4*u - 13. Let i = -17 + u. What is the highest common divisor of 24 and i?
8
Let b(l) = l**3 + l**2 + 1. Let v be b(0). What is the highest common factor of v and 11?
1
Let a(r) = 5*r - 4*r - 4 + 0*r. Let q be a(11). Calculate the highest common divisor of q and 35.
7
Let o be ((-1)/(-1))/((-11)/(-55)). Suppose o*h + 3 = 28. What is the greatest common divisor of h and 2?
1
Let b be (-4)/(-8) + (-44)/(-8). Calculate the highest common factor of 42 and b.
6
Suppose 0 = -3*x - 4*c + 168, -c - 2*c - 9 = 0. Calculate the highest common divisor of 6 and x.
6
Let q(p) = 10*p + 4. Let y be q(3). Suppose -4*m + 204 = -0*m. Let t be m/(5 + -2)*1. Calculate the greatest common factor of t and y.
17
Suppose 2*r + r - 21 = 0. Let q(m) be the second derivative of -2*m**3/3 - m**2/2 + m. Let l be q(-2). Calculate the greatest common divisor of r and l.
7
Let o(k) = -6*k + 6. Suppose -5 = -3*x + 4*x. Let u be o(x). What is the highest common divisor of u and 9?
9
Let n(l) = l + 3. Let g be n(-8). Let t(j) = 2*j**2 + 4*j + 6. Let m be t(g). Suppose -2*a - a = -12. Calculate the greatest common factor of a and m.
4
Let t(d) = d**2 + 9*d - 19. Let q be t(10). Suppose h = -3*h + 76. Calculate the highest common divisor of h and q.
19
Suppose 0 = -8*y + 970 - 18. Calculate the greatest common divisor of y and 17.
17
Let u be 8/(-32) + 18/8. Suppose -3*g + u*g = -50. Let t be 3 - (-18 - (-3 + 2)). Calculate the greatest common factor of g and t.
10
Suppose -8 = -5*x + 2. Suppose -x*g + 18 = 2*p, -2*p = -g + 2*p + 29. What is the greatest common divisor of g and 39?
13
Let q(h) = 3 - 2*h - 5*h + 1. Let k be q(-2). Calculate the highest common factor of 18 and k.
18
Suppose 0 = -x + 3*a, 5*a = 2*a + 3. Suppose -145 = -5*c + w + 3*w, 0 = -x*c + 3*w + 90. Calculate the highest common divisor of 125 and c.
25
Suppose -130 - 30 = 5*c. Let d be (-2)/(-6)*(1 - c). What is the greatest common divisor of 11 and d?
11
Let y = 60 - -25. Calculate the greatest common factor of y and 34.
17
Suppose n - 2*n = -99. Calculate the highest common divisor of n and 9.
9
Let c be -2*(-1 + 0 + 0). Suppose -c*q = -13 - 23. What is the highest common divisor of 144 and q?
18
Suppose -y - 3*g = y - 308, 488 = 3*y - 2*g. What is the greatest common factor of 32 and y?
32
Suppose -4*x = -2*j - 90, -4*x - 6*j + j + 125 = 0. Suppose -9 = -2*p - 4*m + 3, 4*p - 2*m - 44 = 0. Calculate the greatest common factor of p and x.
5
Let a = -51 - -75. Let w be 2*14/4 - -1. What is the greatest common factor of a and w?
8
Let t(w) = 5*w - 5. Let n be t(2). Suppose -4*g = -5*f + 120, 0 = -0*g + n*g + 25. What is the greatest common divisor of f and 5?
5
Let k(v) = -v**2 + 7*v + 7. Let n be k(7). Suppose 4*p + 14 = i, -2*i + 16 = n*p - 3*p. Calculate the greatest common divisor of i and 10.
10
Suppose 76 = -4*p + 8. Let f = 215 + p. Suppose 23 = r + 5. Calculate the greatest common factor of r and f.
18
Let h = 13 + -6. Let i be (-172)/(-6) + (-16)/24. What is the greatest common divisor of i and h?
7
Let j = 0 + 5. Suppose -j*n + 0*n + 15 = 0. Suppose -n*s = -8*s + 105. What is the greatest common divisor of s and 7?
7
Suppose 5*u = -3*j - 159 + 499, 3*u - 188 = -5*j. Suppose -3*h + 18 = -2*h - r, 4*h - u = 5*r. What is the highest common divisor of 171 and h?
19
Let b = -56 + 131. What is the highest common factor of 15 and b?
15
Suppose 4 + 0 = r. Suppose 2*j + 3*g = -2*g - 2, -r*g - 24 = -4*j. Calculate the highest common divisor of 24 and j.
4
Let x(v) = -2*v**2 + 6*v + 4. Let j be x(-6). Let i = -68 - j. What is the greatest common factor of 9 and i?
9
Let q(x) = -7*x**3 + x. Let k be q(1). Let t be 1*(-15)/k*4. What is the highest common divisor of t and 110?
10
Suppose 0 = 5*m - 0 - 60. Calculate the greatest common divisor of 16 and m.
4
Suppose -5*k + 2*u + 2*u + 75 = 0, -4*k = -3*u - 60. What is the highest common divisor of k and 3?
3
Let l = 4 + -3. Let z be (-6)/4*l*-2. Let x = 9 - 0. Calculate the greatest common factor of z and x.
3
Let w be (8*-1)/((-3)/6). What is the highest common factor of 80 and w?
16
Let z = 1 + 2. Let q be ((-2)/z)/(4/(-420)). Let x = -22 + q. Calculate the highest common divisor of x and 6.
6
Let k(r) = -4*r + 207. Let p be k(0). Let s be (46/8)/(1/4). What is the greatest common divisor of p and s?
23
Let p(f) = f**3 + 7*f**2 + 7*f + 4. Let x be p(-4). Calculate the highest common divisor of x and 3.
3
Suppose -198 = -14*i + 8*i. Calculate the highest common factor of i and 132.
33
Let o(r) be the second derivative of 7*r**4/12 + r**3/3 - r**2/2 - 4*r. Let d be o(-3). Calculate the highest common divisor of 14 and d.
14
Let l be 0/1*(-4)/(-8). Suppose -2*w + 90 = -l*w. Let i = w + -21. What is the highest common divisor of i and 8?
8
Let l be 0*3*1/3. Suppose l = 2*a + a + 51. Let 